late the remainder when 602 is divided by d.
52
Let r = 1017 - 892. What is the remainder when r is divided by 42?
41
Let i(t) = t**3 - 1. Suppose -4*p + 2*p = -8. Calculate the remainder when 17 - ((p - 1) + -4) is divided by i(2).
4
Suppose 0 = 3*h - i - 3*i - 80, -110 = -5*h - 5*i. Let c = 3329 - 3187. What is the remainder when c is divided by h?
22
Let p(v) = 16*v**2 + 2. Calculate the remainder when p(1) is divided by 8.
2
Let n(j) = 805*j**3 + j**2 - 3*j + 1. Calculate the remainder when n(1) is divided by 62.
60
Calculate the remainder when 163 is divided by (34/1 - -4) + 4.
37
Let r be (8/(-10))/((-2)/5). Suppose 0 = -0*h - r*h + 48. What is the remainder when h is divided by 13?
11
Suppose -5*m = -10*m + 30. Suppose 5*k - m = 49. Calculate the remainder when 140 is divided by k.
8
Let x(h) be the second derivative of -h**5/20 + 2*h**4/3 - 7*h**3/6 - h. Calculate the remainder when x(3) is divided by 7.
3
Suppose 4 = -4*w + 8. What is the remainder when 22 is divided by (6/15)/(w/20)?
6
What is the remainder when 192 is divided by ((-3)/(-5 - -2))/(1/13)?
10
Let t = 105 - 80. Calculate the remainder when 536 is divided by t.
11
Let y be (-9)/(-1)*(-3)/(-9). What is the remainder when 2/(-3) - (-2)/y*229 is divided by 11?
9
Suppose -11 = 5*q - 66. Suppose -34 = -v - 15. Calculate the remainder when v is divided by q.
8
Suppose 37*b - 1431 = 1973. Calculate the remainder when 545 is divided by b.
85
What is the remainder when 172 is divided by (-262)/(-917) + (-1 - (-500)/14)?
32
Let o be (-2)/(-4)*16/4. Let t be o/(-2) + 15/3. Let n = t - -15. What is the remainder when 74 is divided by n?
17
Suppose 0 = -7*w + 12*w - 75. Calculate the remainder when 352 is divided by w.
7
Calculate the remainder when 284 is divided by (579/12 - -10) + 1/(-4).
52
Suppose -31 = -3*a - 2*v, -5*a - 359 = -5*v - 369. Calculate the remainder when 68 is divided by a.
5
Let l(y) = -y**3 - 28*y**2 - 28*y - 23. Let t be l(-27). Suppose -5*z = -t*q - 90 - 86, -z + 44 = -3*q. Calculate the remainder when z is divided by 7.
4
Let z(d) = 59*d**2 + 2*d - 1. Let n be z(1). What is the remainder when (-880)/(-26) - (1 + n/(-52)) is divided by 19?
15
Suppose 0 = o + g - 3*g - 37, 2*g = -3*o + 103. Suppose -2*w - 45 = c - 5*w, 4*c = -2*w - 236. Calculate the remainder when o is divided by (-1)/(1 + 54/c)*-1.
16
Let l = 41 + -25. Let z(i) = -i + i**2 - 10*i - 5 - i - 3*i. What is the remainder when 52 is divided by z(l)?
8
Let k(m) = m**3 + 33*m**2 + m + 87. Let s = -12 - -23. What is the remainder when k(-33) is divided by s?
10
Suppose -9 = -3*j, 2*f + 11*j - 11 = 10*j. Suppose 2*s + 4 = -5*o + 5, -17 = -4*s + 5*o. What is the remainder when f is divided by s?
1
Let h(d) = 2*d**2 + 13*d - 7. Let j be h(-7). Suppose -3*a + 60 = -j. Calculate the remainder when a is divided by 110/15*3/2.
9
Let r(l) be the third derivative of l**6/120 + l**5/20 - 5*l**4/24 - l**3/3 - 11*l**2. What is the remainder when 24 is divided by r(-3)?
11
Suppose 8 = -g - 2*x, -3*g - 3 = 5*x + 16. Suppose 5*h - 3*l - 49 + 18 = 0, 0 = g*l - 6. What is the remainder when 21 is divided by h?
5
Calculate the remainder when ((-1)/(-2))/(-1 + (-306)/(-304)) is divided by 8.
4
What is the remainder when ((-672)/560)/(2/(-1035)) is divided by 16?
13
Suppose 0 = f - 18 - 81. Let z = f - 56. What is the remainder when z is divided by 9?
7
Let d(s) = -s**3 - 16*s**2 - 3*s - 27. What is the remainder when d(-17) is divided by 63?
61
Let z = 12 - 9. Suppose d - f - 11 = -z*d, -2*d = -3*f + 7. Suppose 0 = 2*c - 4, d*c - 76 = -3*p + 34. What is the remainder when p is divided by 18?
16
Let i(p) = -p**2 + 30*p + 27. What is the remainder when i(13) is divided by 25?
23
Let k(y) = -8*y + 128. What is the remainder when k(9) is divided by 14?
0
Suppose -o - 2*f = -0*f, 5*o = -4*f + 24. Let g = 272 - 237. Calculate the remainder when g is divided by o.
3
Suppose 5*q - 10 = -0*q. Suppose 3*y + 10 = -q*y. Calculate the remainder when y - 74/4*-2 is divided by 19.
16
Let g(m) be the second derivative of 63*m**5/10 + m**4/12 - m**2 + 4*m. What is the remainder when g(1) is divided by 43?
39
Calculate the remainder when 37 is divided by (-3)/((-6)/(-10)) - (-2 - 24).
16
Let b(q) = -6*q - 3. Let c = 586 + -569. What is the remainder when c is divided by b(-2)?
8
Suppose 145*r - 1235 = 50*r. Suppose 4*m + 5*a - 140 = -m, -2*m - 3*a + 60 = 0. Calculate the remainder when m is divided by r.
11
Suppose 3*u - 4 = 5. Let n = -2923 + 2929. What is the remainder when n is divided by u?
0
Let i be (-9 + 4)*4*1/2. Let z(k) = -k**3 - 12*k**2 - 22*k + 1. What is the remainder when 51 is divided by z(i)?
9
Suppose -65*l = -49*l - 1392. What is the remainder when 691 is divided by l?
82
Let v(f) = -f**2 + 38*f - 50. What is the remainder when v(30) is divided by 48?
46
Let h(s) = s**3 - 6*s**2 + 6. Let x be h(5). Suppose -20*c + 18*c + 56 = 0. Let w = x + c. Calculate the remainder when 43 is divided by w.
7
Let m be (0 + -1)*1*-3. Suppose 3*k - 10 = 2. Suppose -2*t + k*q + 40 = 2*t, 0 = 2*t - m*q - 16. What is the remainder when 23 is divided by t?
9
Let g(i) be the third derivative of i**5/30 + i**4/6 + 5*i**3/6 + 6*i**2. Calculate the remainder when (16/(-6))/(2/(-30)) is divided by g(-4).
19
Suppose 2*v + 3*x - 71 - 298 = 0, 4*x = -3*v + 553. Calculate the remainder when v is divided by 37.
35
Let f = -7 + 40. Let x = 4308 + -4296. What is the remainder when f is divided by x?
9
Let v = -284 + -290. Let d = v + 340. Calculate the remainder when d/(-5) + (-3)/(-15) is divided by 12.
11
Suppose 4*d + 5*q - 757 = 0, d + q - 769 = -3*d. Calculate the remainder when d is divided by 49.
46
Let d(x) = 2*x**2 - 7*x + 1. Suppose -24*m + 586 = -518. What is the remainder when m is divided by d(5)?
14
Suppose 9*r - 8*r - 490 = 5*v, -2*r - 3*v = -1006. What is the remainder when r is divided by 56?
52
Suppose -n = -5*n + 36. Calculate the remainder when 19 is divided by n.
1
Let d(x) = x**2 - 6*x + 5. Calculate the remainder when d(7) is divided by 4/30 + ((-532)/(-60) - 2).
5
Let v = 1 - -5. Suppose -v*n + 60 = -4*n. Calculate the remainder when n is divided by 11.
8
Suppose -7*q + v + 11 = -6*q, -v - 27 = -2*q. Let d = -17 + 28. Calculate the remainder when q is divided by d.
5
Let f = 80 + -53. Let m = -139 - -250. Suppose 6*l - 4*l + 5*y - m = 0, -154 = -3*l + 5*y. Calculate the remainder when l is divided by f.
26
Suppose 4*t + 2*a - 8 = 0, 3*a - a = 2*t - 10. Calculate the remainder when (((-354)/(-8))/t)/(6/48) is divided by 10.
8
Let c = 54 - 34. Suppose 113*h - 117*h = -28. What is the remainder when c is divided by h?
6
Let x(r) = r**2 + r + 2. Suppose 0 = 5*h - 5*z + 15, h - 4*z + 3 = z. Calculate the remainder when 28 is divided by x(h).
4
Let h(i) = -i - 7. Let o be h(-12). Suppose -2*c + o*c - 114 = -4*x, 3*x = c + 92. Suppose -5*u + x = -0*u. Calculate the remainder when 16 is divided by u.
4
Let p = -1719 + 1019. Calculate the remainder when (1/2)/((-2)/(-188)) is divided by -3*(p/(-12))/(-7).
22
Let v(s) = -s - 5. Let p be v(-10). Suppose 3*g + 4 = -p. What is the remainder when ((-15)/12)/(g/84) is divided by 9?
8
Calculate the remainder when 63 is divided by -16*((-6)/(-9) - (-50)/(-30)).
15
Suppose -4*t = -3*v - 187, 2*v + 139 = 3*t - 0*v. Let h = t - 31. Calculate the remainder when 21 + 6/9*3 is divided by h.
11
Let w(x) = -81*x - 236. Calculate the remainder when 692 is divided by w(-3).
6
Suppose 15*k - 703 = 542. Calculate the remainder when 324 is divided by k.
75
Suppose 0 = 3*j - 146 + 47. Calculate the remainder when 60 is divided by j.
27
Let h(j) = -5*j**3 - 14*j**2 - 2*j - 5. What is the remainder when 1258 is divided by h(-3)?
8
Let d = 14 - -48. Let h = -9 - -22. Calculate the remainder when d is divided by h.
10
Suppose -t - 60 = -4*t. Suppose 5*a - 10 = t. What is the remainder when 19 is divided by a?
1
Suppose -f - 1 = -0*j + 5*j, -3 = j + 3*f. Suppose 2*h - 36 = -j*h. Suppose -3*i - 5*a + h = -42, -a = 4*i - 63. Calculate the remainder when i is divided by 8.
7
Let y = -79 - -55. Let i = -21 - y. Suppose 1 = p, 13 - 49 = -i*r + 3*p. Calculate the remainder when 23 is divided by r.
10
Suppose -344*p - 207 = -353*p. What is the remainder when 183 is divided by p?
22
Let a = 2350 - 2253. What is the rem